{"id":78,"date":"2020-05-08T11:54:51","date_gmt":"2020-05-08T11:54:51","guid":{"rendered":"https:\/\/proteccioncivil.elejido.es\/?page_id=78"},"modified":"2020-05-13T12:34:25","modified_gmt":"2020-05-13T12:34:25","slug":"nuestra-labor","status":"publish","type":"page","link":"https:\/\/proteccioncivil.elejido.es\/?page_id=78","title":{"rendered":"Funciones"},"content":{"rendered":"<p>Seg\u00fan establece el Real Decreto 1181\/2008, de 11 de julio, por el que se modifica y desarrolla la estructura org\u00e1nica b\u00e1sica del Ministerio del Interior, corresponden a la Direcci\u00f3n General de Protecci\u00f3n Civil y Emergencias el ejercicio de las competencias atribuidas al Ministerio del Interior en esta materia por la Ley 2\/1985, de 21 de enero, y su normativa de desarrollo, y en particular, las siguientes funciones:<\/p>\n<ul>\n<li>La preparaci\u00f3n de planes estatales, de protecci\u00f3n civil o de normas o directrices cuya competencia tenga atribuida por la normativa legal vigente.<\/li>\n<li>La preparaci\u00f3n y gesti\u00f3n pr\u00e1ctica de ejercicios y simulacros en el marco de los citados planes.<\/li>\n<li>La organizaci\u00f3n y mantenimiento del Centro de Coordinaci\u00f3n Operativa, de la Red de Alerta a la Radiactividad, de las redes propias de comunicaci\u00f3n para emergencias y de otras infraestructuras destinadas a facilitar la gesti\u00f3n operativa en emergencias.<\/li>\n<li>La realizaci\u00f3n de estudios relativos a an\u00e1lisis de riesgos, as\u00ed como proyectos piloto de car\u00e1cter preventivo que permitan fundamentar planes de prevenci\u00f3n de emergencias y cat\u00e1strofes.<\/li>\n<li>La preparaci\u00f3n y difusi\u00f3n de alertas a las organizaciones de protecci\u00f3n civil y, en su caso, a los ciudadanos.<\/li>\n<li>La confecci\u00f3n, ejecuci\u00f3n y seguimiento de los presupuestos de protecci\u00f3n civil.<\/li>\n<li>La tramitaci\u00f3n de subvenciones y ayudas para la atenci\u00f3n de necesidades derivadas de siniestros o cat\u00e1strofes y la preparaci\u00f3n de la normativa correspondiente.<\/li>\n<li>La tramitaci\u00f3n de subvenciones y ayudas que faciliten la implantaci\u00f3n de los planes de protecci\u00f3n civil de car\u00e1cter estatal o el desarrollo de actividades de inter\u00e9s para la protecci\u00f3n civil en ese mismo \u00e1mbito y la preparaci\u00f3n de la normativa correspondiente.<\/li>\n<li>La gesti\u00f3n administrativa necesaria para la contrataci\u00f3n de obras, estudios y servicios y para la adquisici\u00f3n de bienes.<\/li>\n<li>La formaci\u00f3n te\u00f3rica y pr\u00e1ctica en la gesti\u00f3n de riesgos y emergencias, incluyendo el entrenamiento de mandos y personal de los diferentes servicios y organizaciones implicados en las actuaciones de emergencia, en particular, servicios de extinci\u00f3n de incendios y salvamento, servicios sanitarios y Fuerzas y Cuerpos de Seguridad.<\/li>\n<li>La organizaci\u00f3n y mantenimiento de un fondo documental especializado que permita la m\u00e1xima difusi\u00f3n de la informaci\u00f3n.<\/li>\n<li>\u00a0El desarrollo de estudios y programas de informaci\u00f3n a la poblaci\u00f3n, as\u00ed como la promoci\u00f3n de la autoprotecci\u00f3n ciudadana y corporativa, y de fomento de la participaci\u00f3n social en las actividades de protecci\u00f3n civil y emergencias, as\u00ed como de programas de educaci\u00f3n para la prevenci\u00f3n en centros escolares.<\/li>\n<li>El desarrollo de investigaci\u00f3n y estudios sobre aspectos sociol\u00f3gicos, jur\u00eddicos y econ\u00f3micos, relevantes para las actividades de protecci\u00f3n civil y emergencias.<\/li>\n<li>La coordinaci\u00f3n de las relaciones con las Unidades de Protecci\u00f3n Civil de las Delegaciones y Subdelegaciones del Gobierno, y con los \u00f3rganos competentes en materia de protecci\u00f3n civil de las Comunidades Aut\u00f3nomas y de las Administraciones locales, as\u00ed como la organizaci\u00f3n y el mantenimiento de la Secretar\u00eda de la Comisi\u00f3n Nacional de Protecci\u00f3n Civil, de su Comisi\u00f3n Permanente y de sus comisiones t\u00e9cnicas y grupos de trabajo.<\/li>\n<li>El mantenimiento de relaciones t\u00e9cnicas con organismos hom\u00f3logos de otros pa\u00edses, especialmente de la Uni\u00f3n Europea, del Mediterr\u00e1neo y de Iberoam\u00e9rica, y la participaci\u00f3n en las reuniones de los organismos internacionales con competencias en protecci\u00f3n civil y emergencias, as\u00ed como en las comisiones y grupos de trabajo constituidos en el seno de la Uni\u00f3n Europea.<\/li>\n<li>Solicitar la intervenci\u00f3n de la Unidad Militar de Emergencias conforme a los Protocolos de actuaci\u00f3n que se establezcan para la misma.<\/li>\n<\/ul>\n<p>&nbsp;<\/p>\n<p><strong>FUNCIONES DE \u00c1MBITO LOCAL<\/strong><\/p>\n<p>Nuestro cometido en los servicios preventivos en los que tomamos parte son principalmente de prevenci\u00f3n y seguridad. En eventos, bien sea l\u00fadicos, deportivos o culturales, en los que se espera recibir afluencia de p\u00fablico en los cuales se requiera nuestra presencia, los voluntarios de Protecci\u00f3n Civil est\u00e1n presentes analizando los riesgos, y despleg\u00e1ndonos con los medios necesarios para la prevenci\u00f3n de posibles accidentes o situaciones de riesgo. En caso de ser necesario proporcionamos asistencia a ciudadanos en materia sanitaria, de informaci\u00f3n o de orden en la circulaci\u00f3n de tr\u00e1fico rodado.<\/p>\n<p>Nuestras acciones tambi\u00e9n incluyen apoyo cuando sea necesario a otros cuerpos de emergencias, siempre coordinados por personal del ayuntamiento de la localidad en que prestamos servicio.<\/p>\n","protected":false},"excerpt":{"rendered":"<p>Seg\u00fan establece el Real Decreto 1181\/2008, de 11 de julio, por el que se modifica y desarrolla la estructura org\u00e1nica b\u00e1sica del Ministerio del Interior, corresponden a la Direcci\u00f3n General de Protecci\u00f3n Civil y Emergencias el ejercicio de las competencias atribuidas al Ministerio del Interior en esta materia por la&#8230; <a class=\"continue-reading-link\" href=\"https:\/\/proteccioncivil.elejido.es\/?page_id=78\">Leer m\u00e1s<\/a><\/p>\n","protected":false},"author":1,"featured_media":0,"parent":0,"menu_order":0,"comment_status":"closed","ping_status":"closed","template":"","meta":{"footnotes":""},"class_list":["post-78","page","type-page","status-publish","hentry"],"_links":{"self":[{"href":"https:\/\/proteccioncivil.elejido.es\/index.php?rest_route=\/wp\/v2\/pages\/78","targetHints":{"allow":["GET"]}}],"collection":[{"href":"https:\/\/proteccioncivil.elejido.es\/index.php?rest_route=\/wp\/v2\/pages"}],"about":[{"href":"https:\/\/proteccioncivil.elejido.es\/index.php?rest_route=\/wp\/v2\/types\/page"}],"author":[{"embeddable":true,"href":"https:\/\/proteccioncivil.elejido.es\/index.php?rest_route=\/wp\/v2\/users\/1"}],"replies":[{"embeddable":true,"href":"https:\/\/proteccioncivil.elejido.es\/index.php?rest_route=%2Fwp%2Fv2%2Fcomments&post=78"}],"version-history":[{"count":3,"href":"https:\/\/proteccioncivil.elejido.es\/index.php?rest_route=\/wp\/v2\/pages\/78\/revisions"}],"predecessor-version":[{"id":209,"href":"https:\/\/proteccioncivil.elejido.es\/index.php?rest_route=\/wp\/v2\/pages\/78\/revisions\/209"}],"wp:attachment":[{"href":"https:\/\/proteccioncivil.elejido.es\/index.php?rest_route=%2Fwp%2Fv2%2Fmedia&parent=78"}],"curies":[{"name":"wp","href":"https:\/\/api.w.org\/{rel}","templated":true}]}}

<p>Según establece el Real Decreto 1181/2008, de 11 de julio, por el que se modifica y desarrolla la estructura orgánica básica del Ministerio del Interior, corresponden a la Dirección General de Protección Civil y Emergencias el ejercicio de las competencias atribuidas al Ministerio del Interior en esta materia por la Ley 2/1985, de 21 de enero, y su normativa de desarrollo, y en particular, las siguientes funciones:</p>
<ul>
<li>La preparación de planes estatales, de protección civil o de normas o directrices cuya competencia tenga atribuida por la normativa legal vigente.</li>
<li>La preparación y gestión práctica de ejercicios y simulacros en el marco de los citados planes.</li>
<li>La organización y mantenimiento del Centro de Coordinación Operativa, de la Red de Alerta a la Radiactividad, de las redes propias de comunicación para emergencias y de otras infraestructuras destinadas a facilitar la gestión operativa en emergencias.</li>
<li>La realización de estudios relativos a análisis de riesgos, así como proyectos piloto de carácter preventivo que permitan fundamentar planes de prevención de emergencias y catástrofes.</li>
<li>La preparación y difusión de alertas a las organizaciones de protección civil y, en su caso, a los ciudadanos.</li>
<li>La confección, ejecución y seguimiento de los presupuestos de protección civil.</li>
<li>La tramitación de subvenciones y ayudas para la atención de necesidades derivadas de siniestros o catástrofes y la preparación de la normativa correspondiente.</li>
<li>La tramitación de subvenciones y ayudas que faciliten la implantación de los planes de protección civil de carácter estatal o el desarrollo de actividades de interés para la protección civil en ese mismo ámbito y la preparación de la normativa correspondiente.</li>
<li>La gestión administrativa necesaria para la contratación de obras, estudios y servicios y para la adquisición de bienes.</li>
<li>La formación teórica y práctica en la gestión de riesgos y emergencias, incluyendo el entrenamiento de mandos y personal de los diferentes servicios y organizaciones implicados en las actuaciones de emergencia, en particular, servicios de extinción de incendios y salvamento, servicios sanitarios y Fuerzas y Cuerpos de Seguridad.</li>
<li>La organización y mantenimiento de un fondo documental especializado que permita la máxima difusión de la información.</li>
<li> El desarrollo de estudios y programas de información a la población, así como la promoción de la autoprotección ciudadana y corporativa, y de fomento de la participación social en las actividades de protección civil y emergencias, así como de programas de educación para la prevención en centros escolares.</li>
<li>El desarrollo de investigación y estudios sobre aspectos sociológicos, jurídicos y económicos, relevantes para las actividades de protección civil y emergencias.</li>
<li>La coordinación de las relaciones con las Unidades de Protección Civil de las Delegaciones y Subdelegaciones del Gobierno, y con los órganos competentes en materia de protección civil de las Comunidades Autónomas y de las Administraciones locales, así como la organización y el mantenimiento de la Secretaría de la Comisión Nacional de Protección Civil, de su Comisión Permanente y de sus comisiones técnicas y grupos de trabajo.</li>
<li>El mantenimiento de relaciones técnicas con organismos homólogos de otros países, especialmente de la Unión Europea, del Mediterráneo y de Iberoamérica, y la participación en las reuniones de los organismos internacionales con competencias en protección civil y emergencias, así como en las comisiones y grupos de trabajo constituidos en el seno de la Unión Europea.</li>
<li>Solicitar la intervención de la Unidad Militar de Emergencias conforme a los Protocolos de actuación que se establezcan para la misma.</li>
</ul>
<p>&nbsp;</p>
<p><strong>FUNCIONES DE ÁMBITO LOCAL</strong></p>
<p>Nuestro cometido en los servicios preventivos en los que tomamos parte son principalmente de prevención y seguridad. En eventos, bien sea lúdicos, deportivos o culturales, en los que se espera recibir afluencia de público en los cuales se requiera nuestra presencia, los voluntarios de Protección Civil están presentes analizando los riesgos, y desplegándonos con los medios necesarios para la prevención de posibles accidentes o situaciones de riesgo. En caso de ser necesario proporcionamos asistencia a ciudadanos en materia sanitaria, de información o de orden en la circulación de tráfico rodado.</p>
<p>Nuestras acciones también incluyen apoyo cuando sea necesario a otros cuerpos de emergencias, siempre coordinados por personal del ayuntamiento de la localidad en que prestamos servicio.</p>

<p>Según establece el Real Decreto 1181/2008, de 11 de julio, por el que se modifica y desarrolla la estructura orgánica básica del Ministerio del Interior, corresponden a la Dirección General de Protección Civil y Emergencias el ejercicio de las competencias atribuidas al Ministerio del Interior en esta materia por la&#8230; <a class="continue-reading-link" href="https://proteccioncivil.elejido.es/?page_id=78">Leer más</a></p>
