{"id":68,"date":"2020-05-08T11:52:48","date_gmt":"2020-05-08T11:52:48","guid":{"rendered":"https:\/\/proteccioncivil.elejido.es\/?page_id=68"},"modified":"2020-05-13T12:33:32","modified_gmt":"2020-05-13T12:33:32","slug":"nuestra-sede","status":"publish","type":"page","link":"https:\/\/proteccioncivil.elejido.es\/?page_id=68","title":{"rendered":"Nuestra sede"},"content":{"rendered":"<p>La sede de protecci\u00f3n civil de El Ejido se encuentra en la calle s\u00e9neca n\u00ba 68 en el edificio del Centro de Iniciativas Empresariales consta de 3 oficinas, aula de formaci\u00f3n y reuniones, sala de vestuarios, almac\u00e9n de material de log\u00edstica y un garaje para los veh\u00edculos.<\/p>\n<p>En la oficinas es donde se desarrolla todo el trabajo administrativo, una de ellas es el despacho del coordinador, las otras dos oficinas, con sus equipos inform\u00e1ticos y conectados a Internet, est\u00e1n destinadas al uso de los voluntarios.<br \/>\nEl aula esta en la planta baja del edificio con capacidad para 40 personas. Est\u00e1 destinada a cursos de formaci\u00f3n para los voluntarios as\u00ed como para reuniones de coordinaci\u00f3n.<\/p>\n<p>Adem\u00e1s disponemos de una sala de vestuarios dotada de taquillas donde cada voluntario tiene una asignada con su material y vestuario.<\/p>\n<p>La sala de Log\u00edstica es donde guardamos todo el material necesario para realizar los servicios, as\u00ed como material de intervenci\u00f3n y cat\u00e1strofes.<\/p>\n<p>El garaje es donde guardamos los veh\u00edculos con los que se realizan los servicios<\/p>\n\n\t\t<style type=\"text\/css\">\n\t\t\t#gallery-1 {\n\t\t\t\tmargin: auto;\n\t\t\t}\n\t\t\t#gallery-1 .gallery-item {\n\t\t\t\tfloat: left;\n\t\t\t\tmargin-top: 10px;\n\t\t\t\ttext-align: center;\n\t\t\t\twidth: 33%;\n\t\t\t}\n\t\t\t#gallery-1 img {\n\t\t\t\tborder: 2px solid #cfcfcf;\n\t\t\t}\n\t\t\t#gallery-1 .gallery-caption {\n\t\t\t\tmargin-left: 0;\n\t\t\t}\n\t\t\t\/* see gallery_shortcode() in wp-includes\/media.php *\/\n\t\t<\/style>\n\t\t<div id='gallery-1' class='gallery galleryid-68 gallery-columns-3 gallery-size-thumbnail'><dl class='gallery-item'>\n\t\t\t<dt class='gallery-icon landscape'>\n\t\t\t\t<a href='https:\/\/proteccioncivil.elejido.es\/?attachment_id=70'><img loading=\"lazy\" decoding=\"async\" width=\"150\" height=\"150\" src=\"https:\/\/proteccioncivil.elejido.es\/wp-content\/uploads\/2020\/05\/IMG_1455-150x150.jpg\" class=\"attachment-thumbnail size-thumbnail\" alt=\"\" \/><\/a>\n\t\t\t<\/dt><\/dl><dl class='gallery-item'>\n\t\t\t<dt class='gallery-icon landscape'>\n\t\t\t\t<a href='https:\/\/proteccioncivil.elejido.es\/?attachment_id=71'><img loading=\"lazy\" decoding=\"async\" width=\"150\" height=\"150\" src=\"https:\/\/proteccioncivil.elejido.es\/wp-content\/uploads\/2020\/05\/IMG_1464-150x150.jpg\" class=\"attachment-thumbnail size-thumbnail\" alt=\"\" \/><\/a>\n\t\t\t<\/dt><\/dl><dl class='gallery-item'>\n\t\t\t<dt class='gallery-icon landscape'>\n\t\t\t\t<a href='https:\/\/proteccioncivil.elejido.es\/?attachment_id=73'><img loading=\"lazy\" decoding=\"async\" width=\"150\" height=\"150\" src=\"https:\/\/proteccioncivil.elejido.es\/wp-content\/uploads\/2020\/05\/IMG_1482-150x150.jpg\" class=\"attachment-thumbnail size-thumbnail\" alt=\"\" \/><\/a>\n\t\t\t<\/dt><\/dl><br style=\"clear: both\" \/><dl class='gallery-item'>\n\t\t\t<dt class='gallery-icon landscape'>\n\t\t\t\t<a href='https:\/\/proteccioncivil.elejido.es\/?attachment_id=69'><img loading=\"lazy\" decoding=\"async\" width=\"150\" height=\"150\" src=\"https:\/\/proteccioncivil.elejido.es\/wp-content\/uploads\/2020\/05\/IMG_1453-150x150.jpg\" class=\"attachment-thumbnail size-thumbnail\" alt=\"\" \/><\/a>\n\t\t\t<\/dt><\/dl><dl class='gallery-item'>\n\t\t\t<dt class='gallery-icon landscape'>\n\t\t\t\t<a href='https:\/\/proteccioncivil.elejido.es\/?attachment_id=72'><img loading=\"lazy\" decoding=\"async\" width=\"150\" height=\"150\" src=\"https:\/\/proteccioncivil.elejido.es\/wp-content\/uploads\/2020\/05\/IMG_1480-150x150.jpg\" class=\"attachment-thumbnail size-thumbnail\" alt=\"\" \/><\/a>\n\t\t\t<\/dt><\/dl>\n\t\t\t<br style='clear: both' \/>\n\t\t<\/div>\n\n","protected":false},"excerpt":{"rendered":"<p>La sede de protecci\u00f3n civil de El Ejido se encuentra en la calle s\u00e9neca n\u00ba 68 en el edificio del Centro de Iniciativas Empresariales consta de 3 oficinas, aula de formaci\u00f3n y reuniones, sala de vestuarios, almac\u00e9n de material de log\u00edstica y un garaje para los veh\u00edculos. En la oficinas&#8230; <a class=\"continue-reading-link\" href=\"https:\/\/proteccioncivil.elejido.es\/?page_id=68\">Leer m\u00e1s<\/a><\/p>\n","protected":false},"author":1,"featured_media":0,"parent":0,"menu_order":0,"comment_status":"closed","ping_status":"closed","template":"","meta":{"footnotes":""},"class_list":["post-68","page","type-page","status-publish","hentry"],"_links":{"self":[{"href":"https:\/\/proteccioncivil.elejido.es\/index.php?rest_route=\/wp\/v2\/pages\/68","targetHints":{"allow":["GET"]}}],"collection":[{"href":"https:\/\/proteccioncivil.elejido.es\/index.php?rest_route=\/wp\/v2\/pages"}],"about":[{"href":"https:\/\/proteccioncivil.elejido.es\/index.php?rest_route=\/wp\/v2\/types\/page"}],"author":[{"embeddable":true,"href":"https:\/\/proteccioncivil.elejido.es\/index.php?rest_route=\/wp\/v2\/users\/1"}],"replies":[{"embeddable":true,"href":"https:\/\/proteccioncivil.elejido.es\/index.php?rest_route=%2Fwp%2Fv2%2Fcomments&post=68"}],"version-history":[{"count":2,"href":"https:\/\/proteccioncivil.elejido.es\/index.php?rest_route=\/wp\/v2\/pages\/68\/revisions"}],"predecessor-version":[{"id":208,"href":"https:\/\/proteccioncivil.elejido.es\/index.php?rest_route=\/wp\/v2\/pages\/68\/revisions\/208"}],"wp:attachment":[{"href":"https:\/\/proteccioncivil.elejido.es\/index.php?rest_route=%2Fwp%2Fv2%2Fmedia&parent=68"}],"curies":[{"name":"wp","href":"https:\/\/api.w.org\/{rel}","templated":true}]}}

<p>La sede de protección civil de El Ejido se encuentra en la calle séneca nº 68 en el edificio del Centro de Iniciativas Empresariales consta de 3 oficinas, aula de formación y reuniones, sala de vestuarios, almacén de material de logística y un garaje para los vehículos.</p>
<p>En la oficinas es donde se desarrolla todo el trabajo administrativo, una de ellas es el despacho del coordinador, las otras dos oficinas, con sus equipos informáticos y conectados a Internet, están destinadas al uso de los voluntarios.<br />
El aula esta en la planta baja del edificio con capacidad para 40 personas. Está destinada a cursos de formación para los voluntarios así como para reuniones de coordinación.</p>
<p>Además disponemos de una sala de vestuarios dotada de taquillas donde cada voluntario tiene una asignada con su material y vestuario.</p>
<p>La sala de Logística es donde guardamos todo el material necesario para realizar los servicios, así como material de intervención y catástrofes.</p>
<p>El garaje es donde guardamos los vehículos con los que se realizan los servicios</p>

		<style type="text/css">
			#gallery-1 {
				margin: auto;
			}
			#gallery-1 .gallery-item {
				float: left;
				margin-top: 10px;
				text-align: center;
				width: 33%;
			}
			#gallery-1 img {
				border: 2px solid #cfcfcf;
			}
			#gallery-1 .gallery-caption {
				margin-left: 0;
			}
			/* see gallery_shortcode() in wp-includes/media.php */
		</style>
		<div id='gallery-1' class='gallery galleryid-68 gallery-columns-3 gallery-size-thumbnail'><dl class='gallery-item'>
			<dt class='gallery-icon landscape'>
				<a href='https://proteccioncivil.elejido.es/?attachment_id=70'><img loading="lazy" decoding="async" width="150" height="150" src="https://proteccioncivil.elejido.es/wp-content/uploads/2020/05/IMG_1455-150x150.jpg" class="attachment-thumbnail size-thumbnail" alt="" /></a>
			</dt></dl><dl class='gallery-item'>
			<dt class='gallery-icon landscape'>
				<a href='https://proteccioncivil.elejido.es/?attachment_id=71'><img loading="lazy" decoding="async" width="150" height="150" src="https://proteccioncivil.elejido.es/wp-content/uploads/2020/05/IMG_1464-150x150.jpg" class="attachment-thumbnail size-thumbnail" alt="" /></a>
			</dt></dl><dl class='gallery-item'>
			<dt class='gallery-icon landscape'>
				<a href='https://proteccioncivil.elejido.es/?attachment_id=73'><img loading="lazy" decoding="async" width="150" height="150" src="https://proteccioncivil.elejido.es/wp-content/uploads/2020/05/IMG_1482-150x150.jpg" class="attachment-thumbnail size-thumbnail" alt="" /></a>
			</dt></dl><br style="clear: both" /><dl class='gallery-item'>
			<dt class='gallery-icon landscape'>
				<a href='https://proteccioncivil.elejido.es/?attachment_id=69'><img loading="lazy" decoding="async" width="150" height="150" src="https://proteccioncivil.elejido.es/wp-content/uploads/2020/05/IMG_1453-150x150.jpg" class="attachment-thumbnail size-thumbnail" alt="" /></a>
			</dt></dl><dl class='gallery-item'>
			<dt class='gallery-icon landscape'>
				<a href='https://proteccioncivil.elejido.es/?attachment_id=72'><img loading="lazy" decoding="async" width="150" height="150" src="https://proteccioncivil.elejido.es/wp-content/uploads/2020/05/IMG_1480-150x150.jpg" class="attachment-thumbnail size-thumbnail" alt="" /></a>
			</dt></dl>
			<br style='clear: both' />
		</div>

<p>La sede de protección civil de El Ejido se encuentra en la calle séneca nº 68 en el edificio del Centro de Iniciativas Empresariales consta de 3 oficinas, aula de formación y reuniones, sala de vestuarios, almacén de material de logística y un garaje para los vehículos. En la oficinas&#8230; <a class="continue-reading-link" href="https://proteccioncivil.elejido.es/?page_id=68">Leer más</a></p>
