{"id":41,"date":"2020-04-27T06:17:39","date_gmt":"2020-04-27T06:17:39","guid":{"rendered":"https:\/\/proteccioncivil.elejido.es\/?page_id=41"},"modified":"2022-12-01T09:22:43","modified_gmt":"2022-12-01T09:22:43","slug":"quienes-somos","status":"publish","type":"page","link":"https:\/\/proteccioncivil.elejido.es\/?page_id=41","title":{"rendered":"\u00bfQuienes somos?"},"content":{"rendered":"<h3><strong>HISTORIA DE LA AGRUPACI\u00d3N\u00a0<\/strong><\/h3>\n<p>El Pleno del Excmo. Ayuntamiento de El Ejido aprob\u00f3 el d\u00eda 29 de octubre de 1991 la creaci\u00f3n de un Servicio Local y Junta Local de Protecci\u00f3n Civil dentro de lo cual se inclu\u00eda la Agrupaci\u00f3n de Voluntarios.<\/p>\n<p>El d\u00eda 1 de abril de 1992 el mismo Pleno aprob\u00f3 el Reglamento de funcionamiento de la Agrupaci\u00f3n de Voluntarios de Protecci\u00f3n Civil de El Ejido.<\/p>\n<p>Del 1 al 19 de octubre de 1992 se celebra el curso de formaci\u00f3n b\u00e1sico de nivel 1 de Protecci\u00f3n Civil impartido para aquellas personas que quer\u00edan optar a ser Voluntarios, el 29 de enero de 1993 se procede a la entrega de diplomas y carn\u00e9s acreditativos como perteneciente a la Agrupaci\u00f3n de Voluntarios de Protecci\u00f3n Civil de El Ejido. Desde esta fecha, inicia su andadura la Agrupaci\u00f3n de Voluntarios de Protecci\u00f3n Civil de El Ejido y sus actividades como tal, realizando innumerables cursos de formaci\u00f3n, de nivel b\u00e1sico u otros que la ESPA (Escuela de Seguridad P\u00fablica de Andaluc\u00eda) ha organizado.<\/p>\n<p>Con fecha 04 de julio de 1996 quedo registrada la Agrupaci\u00f3n de Voluntarios de Protecci\u00f3n Civil de El Ejido con el numero 04104005.<\/p>\n<p>A los primeros voluntarios\/as se les form\u00f3 en materia de transmisiones, Primeros Auxilios, Contra incendios, Acci\u00f3n Social y Normativa y leyes de Protecci\u00f3n Civil y despu\u00e9s de superar el examen final del curso se les otorg\u00f3 su correspondiente diploma el cual reconoc\u00eda su formaci\u00f3n en tema de Protecci\u00f3n Civil, despu\u00e9s vendr\u00edan las primeras instalaciones de la agrupaci\u00f3n situadas en el edificio de Servicios Sociales, una oficina con todo el material, petos, walkies, emisora, linternas y veh\u00edculo tipo furgoneta (charly25).<\/p>\n<p>Desde el a\u00f1o 1995 hasta la actualidad han formado parte de la agrupaci\u00f3n cientos de personas, y a todas ellas desde aqu\u00ed les queremos dar la gracias por formar parte de esta gran familia de voluntarios, y\u00a0 seguimos con el relevo de nuevos voluntarios y con muchas ganas e ilusi\u00f3n por trabajar en la seguridad de nuestros vecinos y municipio.<\/p>\n<h3><strong>PROTECCI\u00d3N CIVIL EL EJIDO HOY<\/strong><\/h3>\n<p>En la actualidad, la agrupaci\u00f3n de voluntarios de protecci\u00f3n civil de El Ejido esta formada por 32 voluntarios con edades comprendidas entre los 18 y 48 a\u00f1os, todos con el curso de nivel I de Formaci\u00f3n B\u00e1sica y la mayor\u00eda con cursos superiores en Emergencias y relacionados con la Protecci\u00f3n Civil.\u00a0\u00a0Dichos voluntarios han realizado m\u00e1s de 240 servicios en el a\u00f1o 2018, destacando, Cabalgata de reyes, Semana Santa, Fiestas de San Marcos, Fiestas de San Isidro, el Servicio de Rescate y Vigilancia de Playa y la Peregrinaci\u00f3n al Cristo de Dalias.<\/p>\n<p>Para la realizaci\u00f3n de estos servicios contamos con material muy diverso entre los que destacamos 2 Citro\u00ebn jumpy, 1 Dacia Duster 4&#215;4, 1 Toyota hilux 4&#215;4, 1Renault kadjar automatico,1 ambulancia 5 quard, 2 ciclomotores, 2 embarcaci\u00f3nes, 2 motos de agua, walkies, material de rescate, etc. As\u00ed como unas instalaciones modernas y acorde con nuestra agrupaci\u00f3n, nuestra sede situada en C\/ S\u00e9neca N\u00ba 68 consta de 1 Aula, donde se realizan cursos de formaci\u00f3n y reuniones de coordinaci\u00f3n para los dispositivos preventivos dotada con sillas y pantalla de 74&#8243;, una zona de vestuarios, dos salas donde se alberga: en una de ellas todo el material sanitario y vestuario,\u00a0 en la sala contigua material log\u00edstico, una nave para el estacionamiento de los Veh\u00edculos y zona de taquillas para los Voluntarios.<\/p>\n<p>Continuamente estamos form\u00e1ndonos as\u00ed como realizando pr\u00e1cticas en todos los campos relacionados con las emergencias, para dar un servicio al ciudadano lo m\u00e1s profesional posible.<\/p>\n","protected":false},"excerpt":{"rendered":"<p>HISTORIA DE LA AGRUPACI\u00d3N\u00a0 El Pleno del Excmo. Ayuntamiento de El Ejido aprob\u00f3 el d\u00eda 29 de octubre de 1991 la creaci\u00f3n de un Servicio Local y Junta Local de Protecci\u00f3n Civil dentro de lo cual se inclu\u00eda la Agrupaci\u00f3n de Voluntarios. El d\u00eda 1 de abril de 1992 el&#8230; <a class=\"continue-reading-link\" href=\"https:\/\/proteccioncivil.elejido.es\/?page_id=41\">Leer m\u00e1s<\/a><\/p>\n","protected":false},"author":1,"featured_media":0,"parent":0,"menu_order":0,"comment_status":"closed","ping_status":"closed","template":"","meta":{"footnotes":""},"class_list":["post-41","page","type-page","status-publish","hentry"],"_links":{"self":[{"href":"https:\/\/proteccioncivil.elejido.es\/index.php?rest_route=\/wp\/v2\/pages\/41","targetHints":{"allow":["GET"]}}],"collection":[{"href":"https:\/\/proteccioncivil.elejido.es\/index.php?rest_route=\/wp\/v2\/pages"}],"about":[{"href":"https:\/\/proteccioncivil.elejido.es\/index.php?rest_route=\/wp\/v2\/types\/page"}],"author":[{"embeddable":true,"href":"https:\/\/proteccioncivil.elejido.es\/index.php?rest_route=\/wp\/v2\/users\/1"}],"replies":[{"embeddable":true,"href":"https:\/\/proteccioncivil.elejido.es\/index.php?rest_route=%2Fwp%2Fv2%2Fcomments&post=41"}],"version-history":[{"count":9,"href":"https:\/\/proteccioncivil.elejido.es\/index.php?rest_route=\/wp\/v2\/pages\/41\/revisions"}],"predecessor-version":[{"id":580,"href":"https:\/\/proteccioncivil.elejido.es\/index.php?rest_route=\/wp\/v2\/pages\/41\/revisions\/580"}],"wp:attachment":[{"href":"https:\/\/proteccioncivil.elejido.es\/index.php?rest_route=%2Fwp%2Fv2%2Fmedia&parent=41"}],"curies":[{"name":"wp","href":"https:\/\/api.w.org\/{rel}","templated":true}]}}

<h3><strong>HISTORIA DE LA AGRUPACIÓN </strong></h3>
<p>El Pleno del Excmo. Ayuntamiento de El Ejido aprobó el día 29 de octubre de 1991 la creación de un Servicio Local y Junta Local de Protección Civil dentro de lo cual se incluía la Agrupación de Voluntarios.</p>
<p>El día 1 de abril de 1992 el mismo Pleno aprobó el Reglamento de funcionamiento de la Agrupación de Voluntarios de Protección Civil de El Ejido.</p>
<p>Del 1 al 19 de octubre de 1992 se celebra el curso de formación básico de nivel 1 de Protección Civil impartido para aquellas personas que querían optar a ser Voluntarios, el 29 de enero de 1993 se procede a la entrega de diplomas y carnés acreditativos como perteneciente a la Agrupación de Voluntarios de Protección Civil de El Ejido. Desde esta fecha, inicia su andadura la Agrupación de Voluntarios de Protección Civil de El Ejido y sus actividades como tal, realizando innumerables cursos de formación, de nivel básico u otros que la ESPA (Escuela de Seguridad Pública de Andalucía) ha organizado.</p>
<p>Con fecha 04 de julio de 1996 quedo registrada la Agrupación de Voluntarios de Protección Civil de El Ejido con el numero 04104005.</p>
<p>A los primeros voluntarios/as se les formó en materia de transmisiones, Primeros Auxilios, Contra incendios, Acción Social y Normativa y leyes de Protección Civil y después de superar el examen final del curso se les otorgó su correspondiente diploma el cual reconocía su formación en tema de Protección Civil, después vendrían las primeras instalaciones de la agrupación situadas en el edificio de Servicios Sociales, una oficina con todo el material, petos, walkies, emisora, linternas y vehículo tipo furgoneta (charly25).</p>
<p>Desde el año 1995 hasta la actualidad han formado parte de la agrupación cientos de personas, y a todas ellas desde aquí les queremos dar la gracias por formar parte de esta gran familia de voluntarios, y  seguimos con el relevo de nuevos voluntarios y con muchas ganas e ilusión por trabajar en la seguridad de nuestros vecinos y municipio.</p>
<h3><strong>PROTECCIÓN CIVIL EL EJIDO HOY</strong></h3>
<p>En la actualidad, la agrupación de voluntarios de protección civil de El Ejido esta formada por 32 voluntarios con edades comprendidas entre los 18 y 48 años, todos con el curso de nivel I de Formación Básica y la mayoría con cursos superiores en Emergencias y relacionados con la Protección Civil.  Dichos voluntarios han realizado más de 240 servicios en el año 2018, destacando, Cabalgata de reyes, Semana Santa, Fiestas de San Marcos, Fiestas de San Isidro, el Servicio de Rescate y Vigilancia de Playa y la Peregrinación al Cristo de Dalias.</p>
<p>Para la realización de estos servicios contamos con material muy diverso entre los que destacamos 2 Citroën jumpy, 1 Dacia Duster 4&#215;4, 1 Toyota hilux 4&#215;4, 1Renault kadjar automatico,1 ambulancia 5 quard, 2 ciclomotores, 2 embarcaciónes, 2 motos de agua, walkies, material de rescate, etc. Así como unas instalaciones modernas y acorde con nuestra agrupación, nuestra sede situada en C/ Séneca Nº 68 consta de 1 Aula, donde se realizan cursos de formación y reuniones de coordinación para los dispositivos preventivos dotada con sillas y pantalla de 74&#8243;, una zona de vestuarios, dos salas donde se alberga: en una de ellas todo el material sanitario y vestuario,  en la sala contigua material logístico, una nave para el estacionamiento de los Vehículos y zona de taquillas para los Voluntarios.</p>
<p>Continuamente estamos formándonos así como realizando prácticas en todos los campos relacionados con las emergencias, para dar un servicio al ciudadano lo más profesional posible.</p>

<p>HISTORIA DE LA AGRUPACIÓN  El Pleno del Excmo. Ayuntamiento de El Ejido aprobó el día 29 de octubre de 1991 la creación de un Servicio Local y Junta Local de Protección Civil dentro de lo cual se incluía la Agrupación de Voluntarios. El día 1 de abril de 1992 el&#8230; <a class="continue-reading-link" href="https://proteccioncivil.elejido.es/?page_id=41">Leer más</a></p>
