{"id":38,"date":"2020-04-27T06:16:28","date_gmt":"2020-04-27T06:16:28","guid":{"rendered":"https:\/\/proteccioncivil.elejido.es\/?page_id=38"},"modified":"2022-11-03T13:25:04","modified_gmt":"2022-11-03T13:25:04","slug":"el-voluntario","status":"publish","type":"page","link":"https:\/\/proteccioncivil.elejido.es\/?page_id=38","title":{"rendered":"El Voluntario"},"content":{"rendered":"<p>Se entiende por Voluntario\/a de Protecci\u00f3n Civil de El Ejido a la persona f\u00edsica que, libremente e integrada dentro de la Agrupaci\u00f3n Municipal, dedica de forma altruista y gratuita parte de su tiempo a actividades que desarrollen las funciones propias de la Agrupaci\u00f3n a la que pertenece.<\/p>\n<p>Pueden formar parte de una Agrupaci\u00f3n Local de Protecci\u00f3n Civil, todas aquellas personas mayores de edad, que est\u00e9n dispuestos a colaborar en las actividades propias de los servicios de protecci\u00f3n civil.<\/p>\n<h3>Para ingresar en la agrupaci\u00f3n de protecci\u00f3n civil, deben llevarse a cabo los siguientes pasos:<\/h3>\n<ol>\n<li>Rellenar la solicitud que se os entregar\u00e1 en la sede de la Agrupaci\u00f3n o en el Ayuntamiento.<\/li>\n<li>Conocer el reglamento de la organizaci\u00f3n y firmar su aceptaci\u00f3n.<\/li>\n<li>Superar las pruebas de aptitud psicol\u00f3gica, f\u00edsicas y de conocimientos.\u00a0 (Depende de cada agrupaci\u00f3n).<\/li>\n<\/ol>\n<p><img loading=\"lazy\" decoding=\"async\" class=\"alignnone size-medium wp-image-39\" src=\"https:\/\/proteccioncivil.elejido.es\/wp-content\/uploads\/2020\/04\/B-300x214.jpg\" alt=\"\" width=\"300\" height=\"214\" srcset=\"https:\/\/proteccioncivil.elejido.es\/wp-content\/uploads\/2020\/04\/B-300x214.jpg 300w, https:\/\/proteccioncivil.elejido.es\/wp-content\/uploads\/2020\/04\/B-768x548.jpg 768w, https:\/\/proteccioncivil.elejido.es\/wp-content\/uploads\/2020\/04\/B-490x350.jpg 490w, https:\/\/proteccioncivil.elejido.es\/wp-content\/uploads\/2020\/04\/B-150x107.jpg 150w, https:\/\/proteccioncivil.elejido.es\/wp-content\/uploads\/2020\/04\/B.jpg 992w\" sizes=\"auto, (max-width: 300px) 100vw, 300px\" \/><br \/>\nLa relaci\u00f3n que tienen los voluntarios con el municipio se entiende que es gratuita y desinteresada, a\u00fan as\u00ed el voluntario tiene derecho a estar asegurado contra los posibles riesgos derivados de su actuaci\u00f3n, por lo que dispondr\u00e1 de un seguro de accidentes con cobertura m\u00e9dica e indemnizaciones.<\/p>\n<h3><strong>Ser voluntario de protecci\u00f3n civil te ofrece: <\/strong><\/h3>\n<ul>\n<li>Formar parte de un colectivo humano que colabora gratuita y desinteresadamente, movidos por sentimientos humanitarios de solidaridad social y de buena vecindad.<\/li>\n<li>Adquirir una formaci\u00f3n espec\u00edfica que te capacita para la colaboraci\u00f3n en los Planes Municipales de Protecci\u00f3n Civil.<\/li>\n<li>Obtener por la actividad altruista, solidaria y no lucrativa el reconocimiento social del pueblo de El Ejido y de su Ayuntamiento.<\/li>\n<\/ul>\n<p>Adem\u00e1s el Ayuntamiento de El Ejido te facilita un seguro gratuito de accidentes para cubrir los riesgos que pudieran sobrevenir durante la actuaci\u00f3n como voluntario y dotaci\u00f3n b\u00e1sica de uniformidad para vestir en las actuaciones de car\u00e1cter colaborador.<\/p>\n","protected":false},"excerpt":{"rendered":"<p>Se entiende por Voluntario\/a de Protecci\u00f3n Civil de El Ejido a la persona f\u00edsica que, libremente e integrada dentro de la Agrupaci\u00f3n Municipal, dedica de forma altruista y gratuita parte de su tiempo a actividades que desarrollen las funciones propias de la Agrupaci\u00f3n a la que pertenece. Pueden formar parte&#8230; <a class=\"continue-reading-link\" href=\"https:\/\/proteccioncivil.elejido.es\/?page_id=38\">Leer m\u00e1s<\/a><\/p>\n","protected":false},"author":1,"featured_media":0,"parent":0,"menu_order":0,"comment_status":"closed","ping_status":"closed","template":"","meta":{"footnotes":""},"class_list":["post-38","page","type-page","status-publish","hentry"],"_links":{"self":[{"href":"https:\/\/proteccioncivil.elejido.es\/index.php?rest_route=\/wp\/v2\/pages\/38","targetHints":{"allow":["GET"]}}],"collection":[{"href":"https:\/\/proteccioncivil.elejido.es\/index.php?rest_route=\/wp\/v2\/pages"}],"about":[{"href":"https:\/\/proteccioncivil.elejido.es\/index.php?rest_route=\/wp\/v2\/types\/page"}],"author":[{"embeddable":true,"href":"https:\/\/proteccioncivil.elejido.es\/index.php?rest_route=\/wp\/v2\/users\/1"}],"replies":[{"embeddable":true,"href":"https:\/\/proteccioncivil.elejido.es\/index.php?rest_route=%2Fwp%2Fv2%2Fcomments&post=38"}],"version-history":[{"count":3,"href":"https:\/\/proteccioncivil.elejido.es\/index.php?rest_route=\/wp\/v2\/pages\/38\/revisions"}],"predecessor-version":[{"id":582,"href":"https:\/\/proteccioncivil.elejido.es\/index.php?rest_route=\/wp\/v2\/pages\/38\/revisions\/582"}],"wp:attachment":[{"href":"https:\/\/proteccioncivil.elejido.es\/index.php?rest_route=%2Fwp%2Fv2%2Fmedia&parent=38"}],"curies":[{"name":"wp","href":"https:\/\/api.w.org\/{rel}","templated":true}]}}

<p>Se entiende por Voluntario/a de Protección Civil de El Ejido a la persona física que, libremente e integrada dentro de la Agrupación Municipal, dedica de forma altruista y gratuita parte de su tiempo a actividades que desarrollen las funciones propias de la Agrupación a la que pertenece.</p>
<p>Pueden formar parte de una Agrupación Local de Protección Civil, todas aquellas personas mayores de edad, que estén dispuestos a colaborar en las actividades propias de los servicios de protección civil.</p>
<h3>Para ingresar en la agrupación de protección civil, deben llevarse a cabo los siguientes pasos:</h3>
<ol>
<li>Rellenar la solicitud que se os entregará en la sede de la Agrupación o en el Ayuntamiento.</li>
<li>Conocer el reglamento de la organización y firmar su aceptación.</li>
<li>Superar las pruebas de aptitud psicológica, físicas y de conocimientos.  (Depende de cada agrupación).</li>
</ol>
<p><img loading="lazy" decoding="async" class="alignnone size-medium wp-image-39" src="https://proteccioncivil.elejido.es/wp-content/uploads/2020/04/B-300x214.jpg" alt="" width="300" height="214" srcset="https://proteccioncivil.elejido.es/wp-content/uploads/2020/04/B-300x214.jpg 300w, https://proteccioncivil.elejido.es/wp-content/uploads/2020/04/B-768x548.jpg 768w, https://proteccioncivil.elejido.es/wp-content/uploads/2020/04/B-490x350.jpg 490w, https://proteccioncivil.elejido.es/wp-content/uploads/2020/04/B-150x107.jpg 150w, https://proteccioncivil.elejido.es/wp-content/uploads/2020/04/B.jpg 992w" sizes="auto, (max-width: 300px) 100vw, 300px" /><br />
La relación que tienen los voluntarios con el municipio se entiende que es gratuita y desinteresada, aún así el voluntario tiene derecho a estar asegurado contra los posibles riesgos derivados de su actuación, por lo que dispondrá de un seguro de accidentes con cobertura médica e indemnizaciones.</p>
<h3><strong>Ser voluntario de protección civil te ofrece: </strong></h3>
<ul>
<li>Formar parte de un colectivo humano que colabora gratuita y desinteresadamente, movidos por sentimientos humanitarios de solidaridad social y de buena vecindad.</li>
<li>Adquirir una formación específica que te capacita para la colaboración en los Planes Municipales de Protección Civil.</li>
<li>Obtener por la actividad altruista, solidaria y no lucrativa el reconocimiento social del pueblo de El Ejido y de su Ayuntamiento.</li>
</ul>
<p>Además el Ayuntamiento de El Ejido te facilita un seguro gratuito de accidentes para cubrir los riesgos que pudieran sobrevenir durante la actuación como voluntario y dotación básica de uniformidad para vestir en las actuaciones de carácter colaborador.</p>

<p>Se entiende por Voluntario/a de Protección Civil de El Ejido a la persona física que, libremente e integrada dentro de la Agrupación Municipal, dedica de forma altruista y gratuita parte de su tiempo a actividades que desarrollen las funciones propias de la Agrupación a la que pertenece. Pueden formar parte&#8230; <a class="continue-reading-link" href="https://proteccioncivil.elejido.es/?page_id=38">Leer más</a></p>
