{"id":30,"date":"2020-04-27T06:11:00","date_gmt":"2020-04-27T06:11:00","guid":{"rendered":"https:\/\/proteccioncivil.elejido.es\/?page_id=30"},"modified":"2020-05-14T05:53:53","modified_gmt":"2020-05-14T05:53:53","slug":"bienvenida","status":"publish","type":"page","link":"https:\/\/proteccioncivil.elejido.es\/?page_id=30","title":{"rendered":"Bienvenida"},"content":{"rendered":"<p>Protecci\u00f3n Civil es un Servicio P\u00fablico cuyo objeto es el de prevenir las situaciones de grave riesgo colectivo o cat\u00e1strofe, proteger a las personas y a los bienes cuando esas situaciones se produzcan, as\u00ed como el de contribuir a la rehabilitaci\u00f3n y reconstrucci\u00f3n de las \u00e1reas afectadas. Dependemos del \u00c1rea de Alcald\u00eda y Seguridad Ciudadana del Ecxmo. Ayuntamiento de El Ejido.<\/p>\n<p>Somos un grupo de ciudadanos mayores de edad que residimos en este municipio que de forma altruista colaboramos con los diferentes Servicios de Emergencias, Fuerzas de Seguridad, Servicios Sanitarios, e.t.c.<\/p>\n<p>Aqu\u00ed podr\u00e1s conocer nuestras funciones, ver cual es nuestra labor, nuestros medios y estar informado en materia de autoprotecci\u00f3n y un sinf\u00edn m\u00e1s de informaci\u00f3n para que puedas profundizar en saber qu\u00e9 es Protecci\u00f3n Civil.<\/p>\n<p>Adem\u00e1s de saber en que consiste ser voluntario y cuales son los requisitos para poder inscribirte a trav\u00e9s de esta p\u00e1gina web.<\/p>\n<p>Recuerda que Protecci\u00f3n Civil somos todos.<\/p>\n<p>JOS\u00c9 LUIS PRIETO GARC\u00cdA<\/p>\n<p>COORDINADOR DE PROTECCI\u00d3N CIVIL<\/p>\n<p><img loading=\"lazy\" decoding=\"async\" class=\"alignnone size-medium wp-image-31\" src=\"https:\/\/proteccioncivil.elejido.es\/wp-content\/uploads\/2020\/04\/A-300x200.jpg\" alt=\"\" width=\"300\" height=\"200\" srcset=\"https:\/\/proteccioncivil.elejido.es\/wp-content\/uploads\/2020\/04\/A-300x200.jpg 300w, https:\/\/proteccioncivil.elejido.es\/wp-content\/uploads\/2020\/04\/A-768x512.jpg 768w, https:\/\/proteccioncivil.elejido.es\/wp-content\/uploads\/2020\/04\/A-525x350.jpg 525w, https:\/\/proteccioncivil.elejido.es\/wp-content\/uploads\/2020\/04\/A-150x100.jpg 150w, https:\/\/proteccioncivil.elejido.es\/wp-content\/uploads\/2020\/04\/A-272x182.jpg 272w, https:\/\/proteccioncivil.elejido.es\/wp-content\/uploads\/2020\/04\/A.jpg 972w\" sizes=\"auto, (max-width: 300px) 100vw, 300px\" \/><\/p>\n","protected":false},"excerpt":{"rendered":"<p>Protecci\u00f3n Civil es un Servicio P\u00fablico cuyo objeto es el de prevenir las situaciones de grave riesgo colectivo o cat\u00e1strofe, proteger a las personas y a los bienes cuando esas situaciones se produzcan, as\u00ed como el de contribuir a la rehabilitaci\u00f3n y reconstrucci\u00f3n de las \u00e1reas afectadas. Dependemos del \u00c1rea&#8230; <a class=\"continue-reading-link\" href=\"https:\/\/proteccioncivil.elejido.es\/?page_id=30\">Leer m\u00e1s<\/a><\/p>\n","protected":false},"author":1,"featured_media":0,"parent":0,"menu_order":0,"comment_status":"closed","ping_status":"closed","template":"","meta":{"footnotes":""},"class_list":["post-30","page","type-page","status-publish","hentry"],"_links":{"self":[{"href":"https:\/\/proteccioncivil.elejido.es\/index.php?rest_route=\/wp\/v2\/pages\/30","targetHints":{"allow":["GET"]}}],"collection":[{"href":"https:\/\/proteccioncivil.elejido.es\/index.php?rest_route=\/wp\/v2\/pages"}],"about":[{"href":"https:\/\/proteccioncivil.elejido.es\/index.php?rest_route=\/wp\/v2\/types\/page"}],"author":[{"embeddable":true,"href":"https:\/\/proteccioncivil.elejido.es\/index.php?rest_route=\/wp\/v2\/users\/1"}],"replies":[{"embeddable":true,"href":"https:\/\/proteccioncivil.elejido.es\/index.php?rest_route=%2Fwp%2Fv2%2Fcomments&post=30"}],"version-history":[{"count":7,"href":"https:\/\/proteccioncivil.elejido.es\/index.php?rest_route=\/wp\/v2\/pages\/30\/revisions"}],"predecessor-version":[{"id":562,"href":"https:\/\/proteccioncivil.elejido.es\/index.php?rest_route=\/wp\/v2\/pages\/30\/revisions\/562"}],"wp:attachment":[{"href":"https:\/\/proteccioncivil.elejido.es\/index.php?rest_route=%2Fwp%2Fv2%2Fmedia&parent=30"}],"curies":[{"name":"wp","href":"https:\/\/api.w.org\/{rel}","templated":true}]}}

<p>Protección Civil es un Servicio Público cuyo objeto es el de prevenir las situaciones de grave riesgo colectivo o catástrofe, proteger a las personas y a los bienes cuando esas situaciones se produzcan, así como el de contribuir a la rehabilitación y reconstrucción de las áreas afectadas. Dependemos del Área de Alcaldía y Seguridad Ciudadana del Ecxmo. Ayuntamiento de El Ejido.</p>
<p>Somos un grupo de ciudadanos mayores de edad que residimos en este municipio que de forma altruista colaboramos con los diferentes Servicios de Emergencias, Fuerzas de Seguridad, Servicios Sanitarios, e.t.c.</p>
<p>Aquí podrás conocer nuestras funciones, ver cual es nuestra labor, nuestros medios y estar informado en materia de autoprotección y un sinfín más de información para que puedas profundizar en saber qué es Protección Civil.</p>
<p>Además de saber en que consiste ser voluntario y cuales son los requisitos para poder inscribirte a través de esta página web.</p>
<p>Recuerda que Protección Civil somos todos.</p>
<p>JOSÉ LUIS PRIETO GARCÍA</p>
<p>COORDINADOR DE PROTECCIÓN CIVIL</p>
<p><img loading="lazy" decoding="async" class="alignnone size-medium wp-image-31" src="https://proteccioncivil.elejido.es/wp-content/uploads/2020/04/A-300x200.jpg" alt="" width="300" height="200" srcset="https://proteccioncivil.elejido.es/wp-content/uploads/2020/04/A-300x200.jpg 300w, https://proteccioncivil.elejido.es/wp-content/uploads/2020/04/A-768x512.jpg 768w, https://proteccioncivil.elejido.es/wp-content/uploads/2020/04/A-525x350.jpg 525w, https://proteccioncivil.elejido.es/wp-content/uploads/2020/04/A-150x100.jpg 150w, https://proteccioncivil.elejido.es/wp-content/uploads/2020/04/A-272x182.jpg 272w, https://proteccioncivil.elejido.es/wp-content/uploads/2020/04/A.jpg 972w" sizes="auto, (max-width: 300px) 100vw, 300px" /></p>

<p>Protección Civil es un Servicio Público cuyo objeto es el de prevenir las situaciones de grave riesgo colectivo o catástrofe, proteger a las personas y a los bienes cuando esas situaciones se produzcan, así como el de contribuir a la rehabilitación y reconstrucción de las áreas afectadas. Dependemos del Área&#8230; <a class="continue-reading-link" href="https://proteccioncivil.elejido.es/?page_id=30">Leer más</a></p>
